- o**2 + 0 + 1/60*o**5. Suppose 226*d = 281*d - 440. Calculate f(d).
-25
Let r be 9/(-18)*(2 - 6)*1. Let y(l) = 685*l**r - 686*l**2 - 5*l - 1 + 12*l. Determine y(6).
5
Let o(k) = 8*k + 4*k**2 + 4 - 3*k**2 + 4*k + 10*k**2. Let t be o(-3). Let u = t + -74. Let x(b) = -b**3 - 8*b**2 - 8*b - 3. What is x(u)?
4
Let g(l) = -l**2 - 6*l - 5. Let a(v) = 15*v + 57. Let z be a(-15). Let m be (-6)/(-63) - (-1192)/z. Calculate g(m).
-12
Let k(h) be the third derivative of -h**6/120 - 7*h**5/60 - h**4/3 - 4*h**3/3 + 9*h**2. Let d be (-92)/15 - (-6)/45. Give k(d).
4
Suppose -5*h + a - 3 = -7*h, 5*h + 5*a - 5 = 0. Let k(s) = -28*s**2 + 6 + 5*s**2 + 13*s**2 + 11*s**h - 4*s. Determine k(4).
6
Let k(f) = 54 - f**2 - 76 + 14 - 5*f. Let d = 2 + -6. Calculate k(d).
-4
Let a(s) = -s - 13. Suppose 15037*u - 15086*u = -784. Determine a(u).
-29
Let u be (2 + 0 - 18) + 11. Let c(f) = 22*f + 27. What is c(u)?
-83
Let w(s) be the second derivative of -s**4/12 + 2*s**3 + 4*s**2 - 55*s + 13. Calculate w(9).
35
Let d(f) be the second derivative of -f**5/10 - 5*f**4/3 + 2*f**3/3 + 41*f**2/2 - 281*f - 4. Calculate d(-10).
1
Suppose 200*f + 192*f + 5169 + 1887 = 0. Let h(o) = o**2 + 12*o - 106. Calculate h(f).
2
Let m(q) be the third derivative of -q**6/120 - 11*q**5/60 - q**4/3 + 3*q**3/2 + 23*q**2. Let v(n) = n**2 + n - 2. Let h(g) = -m(g) - 4*v(g). Determine h(-3).
23
Suppose -296*q + 234*q + 372 = 0. Let m(n) be the first derivative of -n**4/4 + 5*n**3/3 + 7*n**2/2 - 1. Calculate m(q).
6
Suppose 0 = -3*x - 473 + 1538. Let z(b) = 0*b + x + 356 - 3*b - 717. What is z(-4)?
6
Let r(u) = -6 + 2*u + 9*u - 12*u - 4*u. Give r(-6).
24
Let k be 8/(-6) - (-2)/(-3). Let n(z) = -1526*z**2 + 3*z - 1543*z**2 + 3071*z**2. Calculate n(k).
2
Suppose 0 = -247*a + 840 - 1539 - 1277. Let s(x) = x**2 + 27*x + 152. What is s(a)?
0
Suppose -19*i = -9*i - 50. Let p(m) = -2*m - 2. Let v(x) = 2 + 2*x + 0 - 5*x - 5. Let n(g) = i*v(g) - 6*p(g). What is n(-3)?
6
Suppose 921 = -679*v - 51 - 1744. Let d(o) be the first derivative of o**3/3 + 11*o**2/2 + 5*o + 1. Give d(v).
-23
Let n(y) = -y**2 - 5*y + 4. Suppose 4*c - 460 = -4*p, 10*p - 4*c + 236 = 12*p. Let u = p - 118. What is n(u)?
-2
Let v(n) = -n**2 - 19*n - 4. Suppose -2*l = 4*c - 11*c - 103, 2*c = -5*l - 35. Give v(c).
56
Let f be (-4 - 12/(-2))*1. Suppose 2*b = 10 - f. Let i(k) = b + 0*k + 0*k + 0*k + 2*k. Determine i(-6).
-8
Let d = -30471 - -30425. Let c(k) = -k**2 - 62*k - 729. What is c(d)?
7
Let z(m) = 910*m + 14. Let d(t) = 126*t + 2. Let b(o) = -36*d(o) + 5*z(o). Suppose 0 = 5*f - 6 - 4. Determine b(f).
26
Let s(l) = 34*l**2 + 32*l**2 - 3 - 20*l + 16*l - 76*l**2 + 4. Determine s(-2).
-31
Let a(p) = 6*p - 24. Let t be a(8). Let y be (t/14)/((-20)/(-70)). Let j(l) = -9*l - 10*l - y*l**3 + 1 + 18*l. Calculate j(1).
-6
Let i = 928 - 932. Let x(h) = -h**2 - 17*h - 52. Determine x(i).
0
Suppose i - 16 = 4. Suppose 5*n = -2*m + i, m = -n + 12 - 5. Suppose c + 1 = -n. Let f(v) = -v**2 + 3. Calculate f(c).
-6
Let a(s) = -3*s**2 + 7*s + 45. Let o(x) = -16*x**2 + 32*x + 232. Let i(n) = -11*a(n) + 2*o(n). Determine i(13).
-31
Let h(a) be the third derivative of 1/4*a**4 - 7*a**2 + 0*a + 1/120*a**5 + 0 - 8/3*a**3. Let b(t) be the first derivative of h(t). Calculate b(-6).
0
Let f(m) = -m**3 - 2*m**2 - 5*m - 3. Suppose -86*b + 5 - 91 = 0. Determine f(b).
1
Let u(h) be the first derivative of 0*h - 10 + 1/120*h**5 + 0*h**2 - 1/24*h**4 - 14/3*h**3. Let r(i) be the third derivative of u(i). Give r(-5).
-6
Suppose 4*y - 1 = g, 7*y - 9*y - 27 = -3*g. Let i(j) = -2*j + 19. Calculate i(g).
-3
Let n(r) = -3*r - 49. Let t be (-319)/22 - 1*2/4. Let k be n(t). Let l(p) = -2*p + 5. Let g(s) = -s + 5. Let u(b) = 4*g(b) - 3*l(b). Give u(k).
-3
Suppose -3*r + 2*p = -2*r + 2, 0 = r - 4*p. Let i(d) = d**2 + d + 4. Give i(r).
16
Let x(y) = -y**3 - 7*y**2 - 3*y + 4. Let t be (-1 - (-5)/15) + (-32)/6 + 0. Determine x(t).
-14
Let k = 114 - 107. Let i(q) = 11*q - 2*q - k*q. Suppose 3*d = 2*w - 13, 0 = -2*d - 2*d + 5*w - 22. Give i(d).
-6
Let f(t) = 4*t. Let r(h) = h**3 + 4*h**2 - 5*h - 1. Let x be r(-6). Let q = x + 43. Let j be -2 + 1 + 2 + q + 3. Calculate f(j).
16
Let o(j) be the first derivative of -7 - 6*j + 1/3*j**3 - 3*j**2. Calculate o(7).
1
Suppose -5*c + 8*q - 13 + 42 = 0, -3*c + 29 = q. Let p(m) = m**3 - 12*m**2 + 23*m + 39. Determine p(c).
3
Let h(z) = -z - 2. Let i(u) = -1. Let o(f) = -4*h(f) + 5*i(f). Let l = 95290 + -95294. Give o(l).
-13
Let i(m) = -m - 17. Let a = 886 - 874. Calculate i(a).
-29
Let f(c) be the second derivative of 1/6*c**3 + 6*c + c**2 + 10. Let h be 3*(-1)/((-3)/(-4)). Give f(h).
-2
Let j(n) = -3*n**2 - 5*n - 11. Let r(x) = 12 + 0*x**2 - 1 - 88*x + 13 + 6*x**2 + 101*x. Let b(o) = 13*j(o) + 6*r(o). Calculate b(4).
5
Suppose 0 = -565*s + 572*s - 21. Let g(z) = -3*z**2 + 8*z + 2. Let l be g(s). Let v(k) = -13*k**2 + k + 1. Determine v(l).
-13
Let o(q) = q**3 - 2*q**2 - 5*q + 3. Let f be o(3). Let m(s) be the third derivative of -5*s**4/8 - s**3/6 - 2*s**2 + 9*s + 89. Give m(f).
44
Let n(q) = q**3 - 3*q**2 + q + 1. Let g(b) = 6*b**3 - 25*b**2 + 5*b + 9. Let z(u) = g(u) - 7*n(u). Calculate z(-4).
10
Let y(i) = -63 - 8*i**2 + 18*i + 357 - i**3 - 307. Calculate y(-10).
7
Suppose -4*c - f + 629 = -4*f, -5*c + 795 = -2*f. Let b be 598/c + (-4)/(-14). Let h(k) = b*k - k - 248 + 243 - 4*k. Determine h(-8).
3
Let t(y) = 2*y**2 - 13*y + 8. Suppose -58*c + 267 + 23 = 0. What is t(c)?
-7
Let u(b) = -9608*b**2 + 8*b - 9602*b**2 - b**3 + 6 + 19204*b**2. Calculate u(-6).
-42
Let g(i) = -14*i + 50. Let r be g(-8). Let l be (-540)/r - 2/3. Let t(o) = o + 4*o + 1 - 6. Calculate t(l).
-25
Let c = 98 + -96. Let r(t) = 48*t**c - 24*t**2 - 1 - 7*t**2 - 2*t. Calculate r(-1).
18
Let k be (-90)/(-20)*(-580)/174. Let d(q) be the third derivative of q**4/12 + 10*q**3/3 + q**2. What is d(k)?
-10
Let n = -8 + 18. Let h be 14 - 800/56 - (-116)/14. Let p(q) = -9 - 4*q**2 - q**2 + 0*q**2 - h*q + 6*q**2. Calculate p(n).
11
Let a(n) = 5*n - 3*n + 474 - 823 + 414. What is a(-33)?
-1
Suppose 71 = -25*z - 204. Let c(g) = -3*g**3 + 16*g**2 + 8*g + 16. Let w(t) = -5*t**3 + 31*t**2 + 17*t + 32. Let u(d) = 7*c(d) - 4*w(d). Calculate u(z).
-5
Let s(n) = -11*n**2 + 2*n + 2. Suppose -33 = -4*g - 55*g - 151. Give s(g).
-46
Let u be (-216)/24 + (-10)/5. Let b(x) = 6*x - 9. Determine b(u).
-75
Let c(f) be the third derivative of f**6/120 + 3*f**5/20 - 11*f**4/24 - f**3 + 218*f**2. Calculate c(-10).
4
Let p(c) be the second derivative of -c**4/12 - c**3/6 - 3*c. Suppose -96 = -6*j + 162. Suppose -4*n = 51 - j. Calculate p(n).
-2
Let q(k) = 2*k - 2. Let d = 67 + 57. Let u = d + -78. Suppose 2*x - u = -34. Calculate q(x).
10
Let r(w) = -2*w. Let d(k) = 11*k - 3. Let p(h) = -2*d(h) - 10*r(h). Let q(z) = -z + 3. Let i(v) = p(v) - 3*q(v). Determine i(7).
4
Let h(i) = -993413*i**2 - 1 + 496709*i**2 + 496706*i**2 + 7*i**3. What is h(-1)?
-6
Let t(m) = -10*m + 16. Let v(i) = -4*i. Let f(j) = t(j) - 4*v(j). Give f(-3).
-2
Let t = 131 - 125. Suppose 0 = -2*h + 6*h - 16. Let s(b) = -5*b + 2*b**2 + 4 - 6*b + h*b - b**2. What is s(t)?
-2
Let y(s) = s**2 + s + 18. Let t be (-2)/(-4) + ((-308)/8)/7. Let j(q) = q**2 + 2*q + 16. Let i(n) = t*y(n) + 6*j(n). Give i(-5).
-4
Let v(o) = o**2 - 10*o - 32. Let r = 1506 - 1493. Give v(r).
7
Let h = -38 + 46. Suppose -150 = -7*z - h*z. Let u(o) = 2*o + o**3 + 2 + 0*o + 7*o - 11*o**2. Determine u(z).
-8
Let g(v) = -6*v + 18. Let c(b) = -7*b + 19. Let r(x) = -3*c(x) + 4*g(x). Let l(j) = 1 - 92*j + 39 + 43*j + 41*j - 2. Let p(y) = 5*l(y) - 12*r(y). Give p(7).
-18
Let f(z) = -14*z + 134. Let y(q) = 13*q - 126. Let p(w) = -11*f(w) - 12*y(w). Determine p(14).
10
Let a(o) = -2*o**3 + 23*o**2 - 9*o - 2. Let s(y) = 3*y**2 - 64. Let l be s(5). Give a(l).
20
Let g(s) = 8*s + 23. Let k(j) = -3*j - 8. Suppose -27 = 14*a + 29. Let o(y) = a*g(y) - 11*k(y). Let m be -9 + 2/5 + 24/40. Determine o(m).
-12
Let h = -20 + 16. Let x(u) be the second derivative of u**4/12 + u**3/2 - u**2/2 - 5*u - 39. Determine x(h).
3
Let j be (-91)/4 - 1/8*-6. Let i be j/11 + 1 + 3. Let x(s) = s**i - 61*s + 31*s + 4 + 23*s. Calculate x(4).
-8
Let v(x) = -13*x + 7. Let q(n) = -n**3 - 19*n**2 + 16*n - 76. Let l be q(-20). What is v(l)?
-45
Let f(r) = -10*r + 10. Let x(q) = 69*q - 69. Let t(b) = 27*f(b